p. Calculate the highest common factor of p and 7.
1
Let r be (-7 + 3 - -1) + 9. Suppose 3*m + 81 = r*m. Let c be (-4)/(-6) + 104/6. Calculate the greatest common divisor of m and c.
9
Let j = 5 - 7. Let s be (-30)/9*(-1 + j). Suppose 3*l - 3*o = 60 + 69, -5*o = -s. What is the highest common divisor of 9 and l?
9
Let l(c) = 2*c**2 + c + 17. Let y be l(0). Let w = 94 + -43. Calculate the greatest common divisor of y and w.
17
Suppose -2*d + 73 = 35. What is the highest common divisor of 266 and d?
19
Let h = 220 - 118. Suppose -48 = -5*i + h. What is the highest common factor of 20 and i?
10
Suppose -7*u + 5*u = 0. Suppose 5*h + 5*b - 10 = u, 0*h + 3*b + 36 = 4*h. What is the highest common divisor of 18 and h?
6
Let l be 3 + 8/(-1) - -3. Let q be 41 - (0 - (-4 - l)). What is the highest common factor of 13 and q?
13
Let p be 85/34*(2 + (-8)/10). Calculate the highest common factor of p and 33.
3
Let d be (-2)/((-3)/((-27)/(-2))). Calculate the greatest common factor of 99 and d.
9
Let o = 8 - -8. Suppose -4*y = -0*k - 3*k + o, k - y - 6 = 0. What is the highest common divisor of 40 and k?
8
Let h(f) be the third derivative of 49*f**4/24 + 2*f**2. Let a be h(2). What is the highest common factor of 14 and a?
14
Suppose -94 = -3*m - 34. Suppose 68 = 2*s + s - 5*j, -3*j + m = 2*s. What is the highest common factor of 112 and s?
16
Let g = -35 + 19. Let z be (g/(-24))/(2/3). Calculate the highest common divisor of z and 8.
1
Suppose 0*a + 2*a = 6, a = 2*h - 17. Suppose 5*l - 179 + 54 = 0. Let f = l + 65. What is the highest common factor of f and h?
10
Let p(v) = v**2 + 7*v + 13. Let b be p(-6). Suppose -m + s + 198 = 0, 3*m + s = -s + 594. Let d = m + -128. Calculate the greatest common factor of b and d.
7
Let u be (-2)/(-1*3/6). Suppose c - 2 = 0, u*b - 4*c = -0*c + 8. Let n = 77 - 33. Calculate the greatest common divisor of n and b.
4
Let q be (-1428)/(-24)*4/7. Calculate the highest common divisor of q and 85.
17
Let b(p) = 51*p**2 + p - 1. Let c be b(1). Let i(a) = a**2 + 7*a + 9. Let l be i(-8). What is the greatest common factor of l and c?
17
Let i be -1*3*5*-2. Suppose i = f - v, 7*f + v - 120 = 2*f. Suppose -c = -6*c + f. What is the greatest common divisor of c and 40?
5
Suppose 2*s + 5 = 17. Let d be (-33 - -9)*(-3 - (-4)/2). Calculate the highest common factor of d and s.
6
Suppose 5*m - 7*m = -18. Calculate the highest common factor of m and 1.
1
Let a(l) = 5*l**2 - 3*l + 2. Suppose 0 = 5*n - 0*n + 15. Let q be a(n). What is the greatest common divisor of q and 14?
14
Let g be 31 + (-1)/1*1. Let t be (62 - 60)*90/4. What is the greatest common factor of t and g?
15
Let z = -10 + 13. Let d(c) = c**3 + 4*c**2 - 2*c + 3. Let f be d(z). What is the greatest common divisor of 20 and f?
20
Let r be 1/(-3)*(-9 + -27). What is the highest common factor of 120 and r?
12
Let v = -4 + 67. What is the highest common divisor of v and 7?
7
Let p = 343 - 118. Calculate the highest common divisor of p and 25.
25
Let s(p) = -p - 4. Let j be s(-8). Let d be 18/8 - 1/j. What is the greatest common factor of 2 and d?
2
Let p = -5 - -8. Suppose p*a = r + 3*r + 52, 0 = -2*a - r + 42. Let c = 36 + a. Calculate the greatest common divisor of c and 7.
7
Suppose -2 = -4*j - q + 6*q, 3*q + 10 = -2*j. Suppose -5*a + z + 37 + 94 = 0, -2*a = -3*z - 55. Let r = j + a. What is the highest common divisor of r and 4?
4
Let p(c) = -15*c - 13. Let w be p(10). Let j = w + 343. What is the greatest common factor of 20 and j?
20
Let s = -21 - -25. What is the highest common divisor of 28 and s?
4
Let x(i) = -2*i**3 - 2*i**2 + 2. Let f be x(-2). Let l be (4/10)/((-2)/(-10)). Let s = l + f. What is the greatest common factor of 4 and s?
4
Let a = -72 + 112. Let k(x) = -15*x**3 + x**2 - x - 1. Let b be k(-1). What is the greatest common divisor of a and b?
8
Let s = -95 - -165. Let k be 1/((7/10)/7). Suppose -2*w + k = -w. Calculate the greatest common divisor of s and w.
10
Let n = 4 + -2. Suppose -2*s = n*s + 4*w - 8, -s + 2 = -2*w. Suppose -s*b + h - 2*h + 36 = 0, -52 = -4*b + 3*h. What is the greatest common factor of b and 80?
16
Let t(o) = 5*o**3 - o**2 - 3*o + 2. Suppose 2 + 0 = y. Let h be t(y). Suppose -4*s + h = -0*s. Calculate the greatest common factor of s and 1.
1
Suppose 2*a - 3 = 15. Let f(b) = b + 144. Let s be f(0). Suppose 5*r - 9*r = -s. Calculate the highest common factor of a and r.
9
Let f be -2 + -2 + 13 + -2. Let i = 15 + -22. Let v be (77/(-2))/(i/14). What is the greatest common factor of f and v?
7
Let t(i) = i - 5. Let c be t(-6). Let x be (-185)/c - (-10)/55. Calculate the highest common divisor of x and 153.
17
Let f(k) = k**2 + 8*k + 16. Let s be f(-6). Calculate the greatest common factor of s and 20.
4
Let j be ((-14)/(-21))/((-2)/(-24)). What is the highest common divisor of j and 8?
8
Let v(l) = 2*l**2 + 4*l. Let t be v(-3). Let f(h) = -4*h - t - 2*h + 0 + 7*h. Let i be f(8). Calculate the highest common divisor of i and 6.
2
Suppose -4*j + 2 + 6 = 0. Suppose 0 = 4*m - j*m - 24. What is the highest common divisor of m and 36?
12
Suppose 0 = 5*w - 32 - 8. Let k(u) = u**2 - 9*u + 8. Let q be k(w). Let h be 136/(q - -2) + 2. Calculate the greatest common divisor of 10 and h.
10
Suppose -5*j - 2*n = -5, 2*j + 3*n + 10 = 1. Suppose i + j*b = -i + 150, b = -5*i + 362. Calculate the highest common divisor of 8 and i.
8
Suppose 1 = a, c + 4*a = -3*c + 44. What is the highest common divisor of c and 50?
10
Let x = 7 + -2. Suppose -3*i + 30 = x*a, -a - 4*i + 34 = 11. Calculate the highest common divisor of 12 and a.
3
Suppose 14 = -u + 44. Calculate the highest common divisor of u and 30.
30
Let v(l) = -l**2 - 11*l - 2. Let p be v(-8). Calculate the greatest common divisor of 154 and p.
22
Let v be 4/(-8) - 28/(-8). Let m be 0/1 + -6 + 6. Suppose 2*a = 5*n + 44, a + m*a = -2*n + 31. What is the greatest common factor of a and v?
3
Let j be (-8)/(-12) - (-5)/(-3). Let z be (j + 1)*(-2)/4. Suppose z*v = -v + 9. Calculate the greatest common divisor of v and 9.
9
Let i be (343/(-21))/(1/(-24)). Suppose k = 5*k - i. Calculate the greatest common factor of 14 and k.
14
Let u(q) = -2*q**3 - 17*q**2 + 3*q + 27. Let s be u(-9). What is the highest common divisor of s and 108?
27
Let y(i) = -16*i + 10. Let n be y(0). What is the highest common factor of n and 8?
2
Let j be (0 + 1)/((-2)/(-22)). Let a(h) = h**2 - 10*h + 11. Let f be a(10). Suppose v - f = -0*v. Calculate the greatest common divisor of j and v.
11
Let j = 2 - -2. Suppose -j*r + 560 = r. Calculate the greatest common factor of 14 and r.
14
Suppose -21*f = -24*f + 33. Calculate the highest common factor of 1 and f.
1
Suppose 7*s = 3*s. Suppose h + 4*h - 10 = s. Calculate the highest common factor of h and 16.
2
Let k(s) = s**3 - 31*s**2 + s - 24. Let c be k(31). Calculate the greatest common factor of c and 14.
7
Suppose -i - 2*i - 6 = 0. Let m be 0 + i + 3*2. Calculate the highest common divisor of 28 and m.
4
Let f = 59 + -52. What is the highest common divisor of f and 28?
7
Suppose -6*r + 39 = -21. What is the greatest common factor of 25 and r?
5
Let j be (-6)/(-2)*(-11 + 3). Let k be (j/(-15))/(2/165). Calculate the greatest common divisor of 12 and k.
12
Let d(p) = -2*p**3 - 2*p**2 + 2*p + 1. Let r be d(-2). What is the greatest common divisor of r and 25?
5
Suppose 3*w - 3*m - 201 = 0, 5*m - 200 - 32 = -4*w. Let n be ((-324)/w)/(6/(-28)). What is the highest common divisor of 60 and n?
12
Suppose o = -5*a + 5*o, -4*a + 26 = 2*o. Suppose c = 5*c, -q - 368 = 2*c. Let j be q/(-36) + a/(-18). What is the highest common factor of 80 and j?
10
Suppose a + 32 = 131. What is the greatest common divisor of a and 9?
9
Suppose 5*y = -i + 85, -2*y - 2*i + 56 = -6*i. Calculate the highest common factor of 144 and y.
18
Let k(y) = y**2 + 9*y + 12. Let i be k(-8). Suppose 4*p + 1 = 2*p - 3*n, -2 = -2*p - 2*n. Let q be 2/p*0 + 28. What is the greatest common divisor of q and i?
4
Suppose 3 = 5*t - 2. Suppose r - 2 + t = 0. Let m(k) = -k**3 - 9*k**2 - 9*k. Let x be m(-8). What is the greatest common factor of r and x?
1
Suppose 0 = 2*x + 23 - 65. Calculate the greatest common factor of 7 and x.
7
Let b = 40 + -23. What is the highest common factor of b and 289?
17
Let x = 3 - -5. Let k be (12 + -